{"id":1938,"date":"2021-03-12T16:09:46","date_gmt":"2021-03-12T16:09:46","guid":{"rendered":"http:\/\/5labs.si\/shop\/?post_type=product&#038;p=1938"},"modified":"2021-03-12T16:27:49","modified_gmt":"2021-03-12T16:27:49","slug":"plosca-plexi-150x200x8","status":"publish","type":"product","link":"http:\/\/5labs.vigred.eu\/?product=plosca-plexi-150x200x8","title":{"rendered":"Plo\u0161\u010da plexi 150x200x8"},"content":{"rendered":"","protected":false},"excerpt":{"rendered":"<p>Plo\u0161\u010da plexi s pozicijskimi izvrtinami M5, za merjenje na opti\u010dni merilni napravi. Plo\u0161\u010da je izdelana tako, da se s pomo\u010djo magnetne sile ponovljivo prilagaja ALU kotniku 200&#215;250.<\/p>\n","protected":false},"featured_media":1939,"template":"","meta":[],"product_cat":[60],"product_tag":[],"_links":{"self":[{"href":"http:\/\/5labs.vigred.eu\/index.php?rest_route=\/wp\/v2\/product\/1938"}],"collection":[{"href":"http:\/\/5labs.vigred.eu\/index.php?rest_route=\/wp\/v2\/product"}],"about":[{"href":"http:\/\/5labs.vigred.eu\/index.php?rest_route=\/wp\/v2\/types\/product"}],"wp:featuredmedia":[{"embeddable":true,"href":"http:\/\/5labs.vigred.eu\/index.php?rest_route=\/wp\/v2\/media\/1939"}],"wp:attachment":[{"href":"http:\/\/5labs.vigred.eu\/index.php?rest_route=%2Fwp%2Fv2%2Fmedia&parent=1938"}],"wp:term":[{"taxonomy":"product_cat","embeddable":true,"href":"http:\/\/5labs.vigred.eu\/index.php?rest_route=%2Fwp%2Fv2%2Fproduct_cat&post=1938"},{"taxonomy":"product_tag","embeddable":true,"href":"http:\/\/5labs.vigred.eu\/index.php?rest_route=%2Fwp%2Fv2%2Fproduct_tag&post=1938"}],"curies":[{"name":"wp","href":"https:\/\/api.w.org\/{rel}","templated":true}]}}