{"id":4291,"date":"2024-07-26T08:20:02","date_gmt":"2024-07-26T08:20:02","guid":{"rendered":"http:\/\/5labs.vigred.eu\/?post_type=product&#038;p=4291"},"modified":"2024-07-26T11:22:22","modified_gmt":"2024-07-26T11:22:22","slug":"three-point-internal-micrometers","status":"publish","type":"product","link":"http:\/\/5labs.vigred.eu\/?product=three-point-internal-micrometers","title":{"rendered":"Three-point internal micrometers"},"content":{"rendered":"<p>Three-point internal micrometers for quick and accurate measurement of internal dimensions, within a large measuring range.<\/p>\n<ul>\n<li>Measuring range: \u00d8 3,5 &#8211; 300 mm.<\/li>\n<li>Graduation: 0,001 (\u00d8 3,5 &#8211; 12mm), 0,005 mm (\u00d8 12 &#8211; 300 mm).<\/li>\n<li>Self-centering.<\/li>\n<li>Tungsten carbide measuring faces.<\/li>\n<li>Sets are delivered incl. setting rings and extension (836,730 without extension).<\/li>\n<li>Setting rings are conform to factory standard.<\/li>\n<li>Delivery in a wooden case.<\/li>\n<\/ul>\n","protected":false},"excerpt":{"rendered":"<p>Three-point internal micrometers for quick and accurate measurement of internal dimensions, within a large measuring range. Measuring range: \u00d8 3,5 &#8211; 300 mm. Graduation: 0,001 (\u00d8 3,5 &#8211; 12mm), 0,005 mm (\u00d8 12 &#8211; 300 mm). Self-centering. Tungsten carbide measuring faces. Sets are delivered incl. setting rings and extension (836,730 without extension). Setting rings are [&hellip;]<\/p>\n","protected":false},"featured_media":4438,"template":"","meta":[],"product_cat":[141],"product_tag":[],"_links":{"self":[{"href":"http:\/\/5labs.vigred.eu\/index.php?rest_route=\/wp\/v2\/product\/4291"}],"collection":[{"href":"http:\/\/5labs.vigred.eu\/index.php?rest_route=\/wp\/v2\/product"}],"about":[{"href":"http:\/\/5labs.vigred.eu\/index.php?rest_route=\/wp\/v2\/types\/product"}],"wp:featuredmedia":[{"embeddable":true,"href":"http:\/\/5labs.vigred.eu\/index.php?rest_route=\/wp\/v2\/media\/4438"}],"wp:attachment":[{"href":"http:\/\/5labs.vigred.eu\/index.php?rest_route=%2Fwp%2Fv2%2Fmedia&parent=4291"}],"wp:term":[{"taxonomy":"product_cat","embeddable":true,"href":"http:\/\/5labs.vigred.eu\/index.php?rest_route=%2Fwp%2Fv2%2Fproduct_cat&post=4291"},{"taxonomy":"product_tag","embeddable":true,"href":"http:\/\/5labs.vigred.eu\/index.php?rest_route=%2Fwp%2Fv2%2Fproduct_tag&post=4291"}],"curies":[{"name":"wp","href":"https:\/\/api.w.org\/{rel}","templated":true}]}}