{"id":4349,"date":"2024-07-26T09:59:33","date_gmt":"2024-07-26T09:59:33","guid":{"rendered":"http:\/\/5labs.vigred.eu\/?post_type=product&#038;p=4349"},"modified":"2024-07-26T10:00:12","modified_gmt":"2024-07-26T10:00:12","slug":"three-point-internal-micrometers-3","status":"publish","type":"product","link":"http:\/\/5labs.vigred.eu\/?product=three-point-internal-micrometers-3","title":{"rendered":"Three-point internal micrometers"},"content":{"rendered":"<p>Three-point internal micrometers, with a manufacturer measuring report, for accurately measuring (blind) bores.<\/p>\n<ul>\n<li>Measuring range: \u00d8 6 &#8211; 300 mm.<\/li>\n<li>Digital.<\/li>\n<li>Self-centering.<\/li>\n<li>Tungsten carbide measuring faces (measuring range \u00d8 6 &#8211; 12 mm: hardened steel).<\/li>\n<li>Separate instruments within measuring range \u00d8 6 &#8211; 100 mm and the sets are delivered incl. setting ring(s) and extension.<\/li>\n<li>Setting rings are conform to factory standard.<\/li>\n<li>To \u00d8 100 mm: implementation for blind bores. From \u00d8 100 mm: implementation for trough holes or blind bores.<\/li>\n<li>Delivery in an aluminum case (\u00d8 6 &#8211; 40 mm) or an aluminum carrying case (\u00d8 40 &#8211; 300 mm and sets) with a manufacturer measuring report.\u00a0 \u00a0 \u00a0 \u00a0 \u00a0 \u00a0<strong>Digital<\/strong><\/li>\n<li>Resolution: 0,001 mm.<\/li>\n<li>mm\/inch conversion.<\/li>\n<li>On\/off switch.<\/li>\n<li>Reset.<\/li>\n<li>Preset.<\/li>\n<li>Hold function.<\/li>\n<li>protection: IP54.<\/li>\n<li>Power supply: 1 battery type V357.<\/li>\n<\/ul>\n<p>&nbsp;<\/p>\n","protected":false},"excerpt":{"rendered":"<p>Three-point internal micrometers, with a manufacturer measuring report, for accurately measuring (blind) bores. Measuring range: \u00d8 6 &#8211; 300 mm. Digital. Self-centering. Tungsten carbide measuring faces (measuring range \u00d8 6 &#8211; 12 mm: hardened steel). Separate instruments within measuring range \u00d8 6 &#8211; 100 mm and the sets are delivered incl. setting ring(s) and extension. [&hellip;]<\/p>\n","protected":false},"featured_media":0,"template":"","meta":[],"product_cat":[53],"product_tag":[],"_links":{"self":[{"href":"http:\/\/5labs.vigred.eu\/index.php?rest_route=\/wp\/v2\/product\/4349"}],"collection":[{"href":"http:\/\/5labs.vigred.eu\/index.php?rest_route=\/wp\/v2\/product"}],"about":[{"href":"http:\/\/5labs.vigred.eu\/index.php?rest_route=\/wp\/v2\/types\/product"}],"wp:attachment":[{"href":"http:\/\/5labs.vigred.eu\/index.php?rest_route=%2Fwp%2Fv2%2Fmedia&parent=4349"}],"wp:term":[{"taxonomy":"product_cat","embeddable":true,"href":"http:\/\/5labs.vigred.eu\/index.php?rest_route=%2Fwp%2Fv2%2Fproduct_cat&post=4349"},{"taxonomy":"product_tag","embeddable":true,"href":"http:\/\/5labs.vigred.eu\/index.php?rest_route=%2Fwp%2Fv2%2Fproduct_tag&post=4349"}],"curies":[{"name":"wp","href":"https:\/\/api.w.org\/{rel}","templated":true}]}}